-3*z + 4*u = -233, -2*z - 3*u = 37 - 198. Suppose -s - b + 50 = v, -2*v = s - z. What is the highest common factor of v and 336?
42
Let f be 91*((-14 + 5 - -2) + 8) - 0. What is the greatest common divisor of f and 689?
13
Suppose -5*x = -4*d + 13 + 11, 0 = -2*d - 3*x + 12. Let a be 2 + (1 - 5) + 44. Calculate the highest common factor of a and d.
6
Suppose 0 = 4*d + 31*d - 2450. Suppose -t = -4*q - d - 0, -q + 95 = 2*t. Calculate the greatest common divisor of t and 30.
10
Let k be ((-45)/(-5) + 78)*93/9. What is the highest common divisor of k and 186?
31
Let m(o) = o**3 + 11*o**2 + 11*o - 9. Let a be m(-5). Calculate the greatest common divisor of a and 4429.
43
Let z = 78 - 86. Let k be 6/14 + (7328/14)/z. Let i = k + 70. Calculate the highest common divisor of i and 25.
5
Suppose 1367 = 4*q - 5*y, -q - 3*y + 5*y + 341 = 0. Suppose -2935 = -24*j - q. What is the highest common factor of 270 and j?
54
Let x = 53 + 8. Suppose 18 = 2*c + n + n, 5*n = -3*c + 37. Suppose -2*y + 142 = -3*v, -5*y - v = -c*y - x. Calculate the greatest common factor of 13 and y.
13
Suppose -4*f - 241 = -c + 16, 4*f - 1108 = -4*c. Let g = 864 - 843. Calculate the highest common factor of g and c.
21
Let x(j) = 3 - 19*j**2 - 14*j - 8*j - j**3 - 2 + 10*j**2. Let k be x(-5). Calculate the greatest common factor of k and 1.
1
Let g = 1186 + -1043. Calculate the highest common divisor of 195 and g.
13
Let d be -627 - 3 - (3 + -4). Let f = d + 1066. What is the greatest common divisor of 23 and f?
23
Let l = -12880 - -15724. What is the highest common factor of l and 36?
36
Suppose -116 = -5*k + 3*l, -241*l + 242*l + 97 = 4*k. Let h(d) = -d**3 + 18*d**2 + 16*d + 7. Let s be h(16). Calculate the greatest common divisor of s and k.
25
Let y be -205*(-1 + 0) + -4. Let h = y - 102. Let k = -78 + h. What is the greatest common factor of k and 1?
1
Suppose 124356 = 150*j - 17229 - 32715. What is the greatest common divisor of j and 154?
14
Let f be 3/((-54)/204)*-3. Let m(t) = 2*t**2 - 66*t + 9. Let u be m(f). Calculate the greatest common factor of 11 and u.
11
Let d(f) = f**2 - 7*f**2 + 7*f**2 - 71 - 12*f - 5*f. Let r be d(21). Suppose -4*a + 238 + 22 = 0. What is the highest common factor of r and a?
13
Suppose 29*w - 30*w + 2*x = -89, -5*w + 4*x = -451. Calculate the highest common divisor of 156 and w.
13
Let z be (7*(-1064)/(-294))/((2/3)/2). Calculate the greatest common factor of z and 114.
38
Let u(k) = -38*k**2 - 1724*k - 604. Let f be u(-45). Let z(n) = 13*n**2 + n + 3. Let j be z(-3). Calculate the greatest common divisor of j and f.
13
Suppose 2*x + 13 = 47. Let b(s) = -6*s**3 - 1857*s**2 - 11121*s - 14. Let h be b(-6). What is the greatest common divisor of h and x?
17
Let y be ((-525)/60 - (-1)/4)*-30. Calculate the greatest common divisor of 2 and y.
1
Suppose -3*t + 9 = -6*t, t = -2*q + 69. Let w(m) = -2*m - 3 + 7*m**2 - 3*m + 10. Let n be w(1). Calculate the greatest common divisor of n and q.
9
Suppose n + 176 = 2*n. Let g(k) = -k**2 + 6*k + 40. Let c be g(8). Let w = c - -20. Calculate the greatest common factor of w and n.
44
Let l(b) = b**3 - 41*b**2 - 34*b - 322. Let u be l(42). Let y be (-4)/14 + 284/14. Calculate the highest common factor of y and u.
2
Suppose -23*i + 4885 + 7995 = 0. Calculate the greatest common divisor of i and 210.
70
Let q(h) = -53*h**3 - 5*h**2 - 16*h - 18. Let k be q(-2). What is the greatest common factor of 152 and k?
38
Suppose 0 = -3*k - j - 1711, -j = 7*k - 6*k + 571. Let i = -552 - k. What is the greatest common factor of 6 and i?
6
Let y be 27/45*10 - (1 + 0). What is the highest common factor of y and 367?
1
Suppose 4*s + 3*c - 38 = 430, -3*c - 252 = -2*s. What is the greatest common factor of s and 17880?
120
Let j be (-29)/(-1) - (8 - 9). Suppose -40*o - 5*b = -35*o - 120, -2*b - 72 = -2*o. Calculate the greatest common factor of o and j.
30
Let u(v) = 95 - 39 + v**2 - 145*v + 146*v. Let b be u(15). What is the highest common factor of b and 8?
8
Let g(y) = -45*y + 816. Let v be g(12). Suppose 2*k - 53 = 19. What is the highest common factor of v and k?
12
Let l = 13675 - 12514. What is the highest common factor of l and 817?
43
Suppose 38 = 4*h - 22. Suppose -25*o = -h*o - 2300. What is the greatest common divisor of o and 10?
10
Let l be (-22)/(-3) - (-16)/216*-18. Let k be (-9)/(-6) + 82*l/24. What is the highest common divisor of k and 198?
22
Let o be 15*4*21/(-70). Let w be (o - -17)/(2/(-80)). What is the greatest common factor of w and 10?
10
Let i be ((-266)/(-35))/((-2)/(-80)). Let z(b) = 21*b - 698. Let m be z(34). What is the highest common divisor of i and m?
16
Let z(s) = -12*s**3 + 8*s**2 - 11*s - 15. Let o be z(-4). Calculate the greatest common divisor of o and 25.
25
Let b = 80 + -60. Let y be (4/(-12))/(3/(-18)). Suppose y*z - 2*j = 26, 14*z - 2*j = 18*z - 70. What is the greatest common divisor of z and b?
4
Suppose -240446 - 342754 = -243*h. Calculate the greatest common divisor of 24 and h.
24
Let c(f) = 10*f + 10 + 0*f - 6*f - 3*f. Let u be c(-6). Suppose -50 = -u*x - 2*s - 10, -15 = -x - 3*s. What is the greatest common factor of x and 90?
9
Let j be (646/4)/((-2)/4). Let b = j - -329. Calculate the highest common factor of 96 and b.
6
Suppose 8*d + 12 = 10*d + 3*s, -2*d = -5*s - 12. Let k(g) = g**3 - 2*g - 2*g**2 + g - 1 - 7 + 0. Let q be k(d). Calculate the highest common factor of q and 52.
26
Suppose 19*s = 15*s - 8. Let d be ((-3)/s)/((-3)/(-6) + 1). Let r(g) = -6*g**3 - 2*g**2 - g. Let x be r(-1). Calculate the greatest common factor of x and d.
1
Suppose 4*u - 268 = 4*a, -a + 163 = 5*u - 178. Calculate the highest common factor of u and 5644.
68
Let n(p) = -8*p**3 - 513*p**2 - 89*p + 36. Let i be n(-64). What is the highest common divisor of 4 and i?
4
Suppose 0 = -20*y + 16*y - 8. Let b be ((-3)/y)/((-24)/1232*-7). Let j = -79 - -134. Calculate the highest common factor of j and b.
11
Let j be (110/44 + (0 - 1))*30. Suppose 4*l - 42 = -2*m + 5*l, -4*m - 4*l + 72 = 0. Calculate the greatest common divisor of m and j.
5
Let l(o) = 1462*o**3 + 87*o - 86. Let s be l(1). What is the highest common factor of 1001 and s?
77
Suppose 0 = -3*y - y - 1096. Suppose 0 = -2*u - 210 - 162. Let a = u - y. Calculate the highest common divisor of 11 and a.
11
Let s(y) = y**2 + y + 2. Let k be s(6). Suppose 14 = -5*a + k. Let n = 6732 + -6708. What is the highest common factor of a and n?
6
Let b = -33543 - -35740. Calculate the highest common factor of b and 4563.
169
Let g(i) = 14*i - 26. Let m be g(-7). Let k = 133 + m. What is the highest common divisor of k and 243?
9
Let p(u) = u**2 + 6*u + 10. Let o be p(-2). Let v be ((-15)/4)/(o*(-10)/80). What is the highest common factor of v and 35?
5
Let z be ((-10)/7)/((-12)/136283) + (-1)/6. Calculate the greatest common factor of z and 120.
24
Let i = 12507 + -12497. Calculate the greatest common divisor of 2 and i.
2
Let g(k) = 2*k**3 - 5*k**2 - 2*k - 5. Let y be g(3). Let t be 318 - 2*1/y. Calculate the highest common divisor of 11 and t.
11
Suppose -875 + 655 = -4*h. Let w = -272 + 767. What is the greatest common divisor of w and h?
55
Let y be (-1)/((100/(-370))/(-10))*(-1 + -22). Calculate the greatest common factor of y and 148.
37
Suppose -66*o + 63*o + 3*r = -408, r = -3*o + 376. What is the greatest common divisor of 1600 and o?
64
Let g(o) = -131*o - 2208. Let u be g(-17). Suppose 106 = -4*n + v + 21, 41 = -2*n + v. Let w = 149 - n. What is the greatest common factor of w and u?
19
Let n(w) = -56*w - 58. Let g(i) = -279*i - 294. Let l(u) = -2*g(u) + 11*n(u). Let s be l(-2). Calculate the greatest common factor of s and 3.
3
Suppose 246*r - 316*r = -210. Let b(d) = 29*d - 3. Let s be b(6). Suppose -n + s = 3*n + r*j, n - 48 = j. What is the highest common factor of n and 18?
9
Let h = 2324 - 2320. Let m = -763 + 1546. Suppose -h*b = 171 - m. What is the greatest common factor of b and 17?
17
Let j(k) = -k**3 + 2*k**2 + 16*k + 2. Let y be j(-3). Let n be (-114)/(-12)*(5 - (-46 - y)). What is the highest common factor of n and 57?
19
Let k(h) = -7*h + 9. Let n be k(5). Let x = n - -29. Suppose -3*l + 14 = x*m - 13, -m - 4*l = -9. What is the highest common divisor of 9 and m?
9
Let v = 2 + -3. Suppose 0 = -9*m + 5*m + k + 92, m - 4*k - 38 = 0. 